alculate 2 - (-5 - -19) - (-26 - (-38 + 22)).
-2
Evaluate 10 + 0 + (-6 - -2) + -21 + 5.
-10
(-7 - -2) + -6 - (-30 + 6)
13
What is the value of -126 - -173 - (3 - (2 - 16))?
30
4 - (3 - -15) - -13
-1
What is the value of -15 + 8 + -12 + 18?
-1
Calculate 59 - 62 - (6 - 5).
-4
Calculate (1 - 15) + (-28 - -39).
-3
What is 1 + 27 - 13 - (1 - (1 + -2))?
13
Calculate 7 - (13 + -36 + -6 + 12).
24
What is the value of 19 + -3 + (-39 + 23 - -4)?
4
(6 + -5 - -2) + -6 - -18
15
Calculate 8 + (-14 - -11 - 16).
-11
What is -5 + -8 + 20 + -1 + -9 + -19?
-22
What is 4 + (-18 - -5) + (-14 - -20)?
-3
Calculate -60 - -36 - (-9 - (-1 - -1)).
-15
(-151 - -162) + 5 + 2
18
What is the value of 29 + (-11 - -25) + -26?
17
Evaluate -5 - (2 + (-2 - (-1 - -6)) + 4).
-4
What is the value of 19 + (-35 - 3) + 21?
2
What is the value of 7 - (1 + -15 + 6 + (0 - -6))?
9
What is the value of 15 - (-15 + 43 - -6)?
-19
What is 2 + 2 - (-337 - -325 - (1 - 19))?
-2
What is the value of (-7 - -11) + -12 + 0 - -13?
5
What is the value of -23 + 4 + (-2 - -1) + (-20 - -23)?
-17
(-42 - -26 - (1 + 1)) + (11 - 4)
-11
What is the value of -13 + 49 - 18 - 15?
3
Calculate 2 + (-26 - -19) - -10.
5
Calculate 9 - ((26 - 10) + (-9 - 2)).
4
(20 - 20 - (-1 - -8)) + -2
-9
Calculate -1 - (-11 - (19 + -7 + -5 + -24)).
-7
Calculate (66 - 77 - (1 - 5)) + 3 + -1.
-5
What is the value of (-3 - (-20 + 10)) + 17?
24
What is the value of -19 - (-1 + -9 - 0)?
-9
Evaluate (-18 - -28) + 6 + 3.
19
-9 + (2 - 17) + 13
-11
Evaluate 0 + (3 - (20 + -12)).
-5
Calculate -149 + 131 - (1 + -2 + -4).
-13
Calculate 13 + -7 + -16 - (13 + -15).
-8
What is the value of 5 + 2 - (-16 - -3 - (-2 + -7))?
11
-3 + 3 + 1 + 4 + -6 + -6
-7
Evaluate 12 + (-1 - 8) + -7.
-4
14 + 10 + -5 - -13
32
7 - (27 + -16) - (-1 - -4)
-7
What is 38 - 20 - 22 - (0 - -31)?
-35
Evaluate 1 + 5 + (-9 - -5) + -5.
-3
What is (35 - 22) + -43 - -1?
-29
-3 - (1 + 2 + 25 - 12)
-19
Evaluate -6 - 1 - (-70 - -56).
7
Calculate -1 + 15 + -9 - 4.
1
1 - (14 - (2 - 3)) - (2 + -7)
-9
24 + -46 + 1 - -20
-1
What is the value of 8 + 7 - -3 - (5 - (-6 - -18))?
25
Calculate 21 - (9 - 0) - 4.
8
Evaluate -4 + (7 - -3) + 5 + -1.
10
Evaluate (14 + -1 - 14) + (1 - 1) + 0.
-1
What is 69 + -31 + -30 - (20 - 1)?
-11
Evaluate (-13 - (2 + -6)) + (18 - -4).
13
What is the value of -10 + 3 + 7 - -10 - 9?
1
-22 + (-1 - -25) - (0 + -4)
6
5 - -1 - (-1 - (-6 - (2 - 15)))
14
Calculate 1 + 24 + (-14 + 18 - 17).
12
What is (0 - 20) + (-40 - -55)?
-5
What is the value of (-7 - (11 + -10)) + 5 + 1 + 1?
-1
Calculate 9 + -4 + 18 - -1.
24
Calculate 7 - (1 - (-14 - -6)).
-2
-15 + (-13 - (-16 + 20)) + 8
-24
What is -2 + (-3 - 12) - (-1 - 3)?
-13
What is the value of 9 + 1 + -96 + 90 - -16?
20
What is (-8 - 18) + (17 - 2)?
-11
24 + (-8 + 0 - (-7 - (26 - 30)))
19
Evaluate -13 + -14 + (6 - -7).
-14
Evaluate -24 - ((-4 + -13 - -7) + -2).
-12
11 + 7 + -5 + 5 + -5 + 8
21
What is the value of 18 - (4 + -12 - -17)?
9
20 - (-3 + -8 - -21)
10
Calculate (15 - 7) + 2 + -18.
-8
Evaluate 42 - 5 - (100 + -72) - (1 + 32).
-24
Calculate 7 + -41 + 18 - (-11 + 7).
-12
10 + (-5 - (2 - 1)) - -8
12
What is -116 - -139 - (-1 - -16)?
8
What is the value of (1 - (0 - (-3 - -7))) + -25 + 6?
-14
What is the value of (5 - 0) + 16 + (-22 - 2)?
-3
Calculate -10 + (-26 - -17 - (-2 - 8)).
-9
What is the value of (-8 - -3) + -17 + 1?
-21
What is (19 - (-3 - -8)) + -3 + -3?
8
What is (-16 - 0) + 6 + -16 + 28?
2
What is 3 + (17 + 5 - 30)?
-5
Evaluate -9 + 2 + (0 - -12) - -3.
8
What is the value of (12 - 3) + -3 + 24 + -26?
4
Calculate 349 - 356 - (2 - -1 - -8).
-18
Calculate -11 + 44 - 38 - (3 - 5).
-3
(2 + 4 - -1) + (5 - (20 - -6))
-14
Calculate 16 + -11 + -1 - (1 - -2).
1
Calculate -17 + (6 + 9 - 10).
-12
Calculate (-26 - 2) + 22 + 25.
19
What is 3 - ((-4 + 4 - 2) + (6 - 10))?
9
What is 21 - ((-7 - (-11 + 2)) + -1 + 6)?
14
Calculate 2 + (1 - 13) - (5 + -34 + -4).
23
Calculate -29 - (4 + -15 + 7 + -2).
-23
What is 1 - (-4 + 12 + (-1 - -3 - 3))?
-6
What is -1 + -13 + 1 + -4 + (2 - -3)?
-12
Calculate -49 - ((-33 - -1) + -9).
-8
-5 - 15 - (-6 + (27 - 14))
-27
1 - -30 - 14 - 37
-20
Evaluate -5 + (22 - (4 - -20)) + -1 + -5.
-13
1 + (3 + -7 - -9) + -20
-14
What is -6 + -18 + 26 + 12 + -6?
8
Calculate 0 - -9 - (-418 + 423).
4
Evaluate (198 - 180) + -23 + -1.
-6
What is the value of 1 + 10 + -22 - -3?
-8
What is the value of -11 + 19 + -14 + (-7 - -13)?
0
What is -1 - (18 + -5 + -7 + 10)?
-17
Evaluate -8 - -12 - 39 - -3.
-32
-13 - (7 + -15 + 8 - 3)
-10
-12 - ((16 - 44) + 7)
9
-1 - (-5 - -8 - 6 - -11)
-9
Calculate -9 + (-5 - (-6 + -9)).
1
What is -60 + 66 + -2 + -16?
-12
Evaluate (23 - 1) + (64 - 80).
6
What is -4 - 1 - (77 + -77)?
-5
2 + -2 + 68 + -67
1
(-1 - (11 + -4)) + -12 + 8
-12
2 - (-1 + 0 - (19 + -28)) - 9
-15
Evaluate 2 - ((8 - 2) + (7 - 27) - -6).
10
Evaluate 16 + (-8 + 3 - (4 - (-9 + 13))).
11
What is the value of -4 - (27 + -32 + 4 + -3 + -14)?
14
20 + (20 - 10 - 22)
8
Calculate -8 - (6 + -3 - (44 + -21)).
12
What is the value of 177 + -170 - (14 - 0)?
-7
Calculate (2 - 6 - (-6 - -6)) + 26 + -34.
-12
30 - (-1 + (7 - -43))
-19
Calculate (23 - 24) + 11 + -4.
6
Evaluate 24 + -3 + -3 + -220 + 216.
14
What is the value of (-387 - -389) + (19 - 0)?
21
Evaluate 10 + (-18 - -1 - -3).
-4
What is 24 - (21 + (-15 - -13))?
5
What is the value of 16 - (35 - 49) - 4?
26
What is 13 + (10 + -9 - (13 + -10))?
11
Calculate (23 - 23 - 24) + 20.
-4
What is 5 - (17 + 14 + (4 - 9))?
-21
What is (4 - 1) + 1 + (-2 - 3) + 9?
8
What is the value of -1 + -3 + 1 - 31 - (38 - 44)?
-28
Calculate (11 + 17 - 26) + -16.
-14
Evaluate 13 - ((-4 - 0) + -1 + -2 + 8).
12
What is the value of -4 - -3 - (-6 + 3 + 9)?
-7
What is the value of -30 + -1 - (275 - 289)?
-17
-33 + (11 - (-2 - -1 - -11)) + 9
-23
Calculate 35 + -85 + 33 - -21.
4
What is the value of 7 + -14 + -14 + 13?
-8
What is -5 + 15 + (1 - 16)?
-5
-1 + -5 + -9 + (7 - (-17 - -12))
-3
What is the value of (1 - 5) + (-6 - (-17 - -4 - -19))?
-16
What is the value of -9 + (-17 - -14 - (2 + 2 + -36))?
20
Calculate (-4 - -7 - -1) + -10 - (-3 + -2).
-1
Calculate (-38 - -23 - -17) + 2 + -21.
-17
Evaluate 0 - (27 + 3 + -6 + 0).
-24
What is the value of -188 + 171 + 23 + -2?
4
-7 + (-5 - ((-9 - 4) + -9))
10
What is the value of -11 + 20 - 2 - 25?
-18
-21 + (27 - 16) + -17 + 4 + -6
-29
Evaluate 1 + 10 - (282 - 286) - -2.
17
What is 2 - 3 - (-19 + -4 + 33)?
-11
17 + 2 + -18 - (-5 - 2)
8
What is the value of (-63 - -66) + (-21 - 2)?
-20
What is (14 + 2 - 17) + (36 - 5 - 3)?
27
Calculate -5 + (44 - 19 - 2).
18
Evaluate 3 - (8 + (-10 - (3 + -17)) + -4).
-5
What is -3 + -11 + (-4 - -7)?
-11
What is the value of -23 - -59 - 39 - -21?
18
What is (15 + -6 + -3 - -11) + 10?
27
Calculate 10 + (1 - (12 + -9)) + 5.
13
-70 + (33 - -20) - (3 - -1)
-21
What is the value of (11 - 17) + 25 - 10?
9
Evaluate 4 + 7 + (-3 - 12).
-4
9 + (-7 + 8 + -5 - 7)
-2
21 + -20 + 18 + -14 - (0 + 32)
-27
Calculate -2 + (36 - 15) + -10.
9
What is (42 - 38) + (5 - -1) - (5 - 0)?
5
-7 + 6 + (72 - 63)
8
What is (-22 - 2) + (8 - (2 - -7)) + -1?
-26
1 + (-28 - -22 - (-1 + 0 - 4))
0
-12 - -1 - (6 + -11 + (1 - 0))
-7
What is (5 + -13 - -27) + -5?
14
Calculate -5 - (13 - (29 - 22)).
-11
What is the value of 7 - (-8 - -4 - (-7 - -3 - 30))?
-23
Calculate 4 + -6 + -10 + 8 + 1 + 0.
-3
What is the value of -17 - 10 - -15 - -27?
15
Evaluate -11 + (259 + -230 - (5 + 0 - 1)).
14
Calculate 110 + -136 + (-3 - (-1 + -11)).
-17
What is the value of 91 + -97 - (-7 - (2 - 2))?
1
What is 7 + (-18 - -7) + 12?
8
What is (648 - 654 - (1 + -6 - -1)) + -7?
-9
(-45 - -17 - (3 + -6)) + 7 - 9
-27
13 - (12 + 2) - -12
11
What is (-15 - -14) + (-24 - -11)?
-14
What is the value of -32 - ((-5 - 0) + -59)?
32
Evaluate (22 - 8 - 5 - 1) + -4 + 9.
13
What is the value of (-4 - (1 - -4)) + 28 + -16 + 10?
13
What is 52 + (-5 - -7 - -7) + -16 + -11?
34
Evaluate (-4 + 0 - (-1 + -5 + 9)) + 17.
10
Calculate 25 - 26 - (-9 - -17).
-9
13 - ((-14 - -3) + 15) - 5
4
Evaluate 4 - (-14 - (-12 - 11)).
-5
Evaluate -13 + 6 + (5 - -5) + -5.
-2
Evaluate 24 + -14 + 4 + 1 - 12.
3
What is the value of -5 - (1 + -7 + 4 + -16)?
13
Calculate 152 + -159 - (4 + 2 + 0).
-13
Evaluate 2 + -23 - (-19 + 34 + -14).
-22
What is 13 - ((10 - -20 - 12) + -10)?
5
What is the value of (14 - -29) + -32 + -32?
-21
What is the v